s (-4 - (20 - 5)) + 6 + 6?
-7
What is 7 + (5 - 18) + (1 - -2)?
-3
What is 3 + -6 - -10 - (9 - 5)?
3
4 + -13 + -41 + 49
-1
What is the value of 6 + -6 - (-5 - -6)?
-1
What is -2 - -2 - 0 - (-2 - -2)?
0
Calculate (-2 + 5 - 3) + 3.
3
3 - (0 - -4) - 5
-6
Calculate -18 - -6 - (8 + -27).
7
-7 + 10 + 1 + 0 + -1
3
Evaluate 0 + -7 + -2 - 0.
-9
What is -2 + 7 - (3 + (-4 - -4))?
2
Calculate (-5 - (-2 + 3)) + 4.
-2
(7 - 3) + -11 + 3
-4
What is the value of 6 + 0 + (-12 - -4 - -5)?
3
Evaluate (-99 - -88) + (-2 - -4).
-9
(-8 - (7 + (-4 - 9))) + 7
5
What is -1 - ((-10 - -5) + 5)?
-1
Evaluate 4 + 2 + (1 - 8) + 2.
1
Calculate -3 - (-4 + (-5 - -4) + 1).
1
What is the value of -6 + (0 - -1) + 34 + -36?
-7
Calculate (-5 - (-3 + -5)) + 5 - 19.
-11
What is the value of (2 + 8 - 10) + 5?
5
Calculate 7 + 12 + -7 + -7.
5
Evaluate -25 + 34 + (2 - (-1 + 9)).
3
Calculate (12 - 3) + -21 + -1 + 7.
-6
(1 - (-7 - -4)) + -4
0
What is 0 + -6 - (0 - 10)?
4
Evaluate -3 - 3 - (3 + -6).
-3
What is -4 + 8 - (-3 + 2 + 2)?
3
-2 + 3 - (3 - -3)
-5
What is 7 + (-3 - -1 - (3 + 0))?
2
Calculate 1 - ((4 - 0) + 0).
-3
What is (2 - 5) + 7 + 0?
4
What is -2 + -9 - -12 - (-2 + -1)?
4
What is the value of -1 - (2 - 2 - (-29 + 33))?
3
What is the value of -2 + (8 - (2 - (-4 - -3)))?
3
-12 - (3 - (9 - -3))
-3
What is -4 - (-1 + -3 - -3)?
-3
0 - ((10 - 5) + -9)
4
What is the value of (-2 - -5) + -21 + 14?
-4
Evaluate -4 + (3 - (2 - 1) - -3).
1
Evaluate 76 + -73 - (4 - -1).
-2
(7 - 5) + (1 - 8) - -8
3
What is (-7 - 5) + -4 + 9?
-7
Calculate (-2 - -7) + 4 - 8.
1
What is the value of 1 + -4 + (-2 - -9)?
4
-8 + -1 - (-16 + 13)
-6
What is (-3 - 1) + (-5 - -3)?
-6
-37 + 30 + (1 - -4) - -9
7
What is the value of 2 - (-4 + 0 + -5) - 5?
6
What is the value of -6 + (7 + -11 - -5)?
-5
-10 + 7 - (-2 - (0 + -1))
-2
What is the value of 9 - (10 + (10 - 17))?
6
What is the value of -3 + 7 - (1 + 8)?
-5
What is -1 + (-2 + 0 - 0) + 1?
-2
Calculate (8 - -1) + (136 - 143).
2
What is the value of (1 - (-5 + (6 - 3))) + 3?
6
Evaluate (11 - 18) + 4 + 1 + -5.
-7
What is -11 - -8 - (-9 + 2)?
4
What is (0 - -4) + (-6 - 0)?
-2
Evaluate -3 + 1 - (56 + -59).
1
Calculate (-1 - 0) + -13 + (-14 - -26).
-2
What is the value of -3 - -9 - (-5 - -8)?
3
What is 2 + -2 + -11 + 8?
-3
8 + (-2 - (-1 - -1)) + -1
5
What is -7 + -1 + -171 + 175?
-4
Evaluate -2 + -5 - (40 - 45).
-2
-1 + (1 - -6) + (37 - 42)
1
What is (7 - 9) + -8 + 9?
-1
Evaluate -11 + (-8 - -15) - -12.
8
Evaluate 9 + (-6 + 4 - 7).
0
Calculate (4 - -4 - 12) + 7.
3
Evaluate 3 - (-1 + 1 + 6 - -2).
-5
Evaluate -2 + 4 + -2 - -7 - 7.
0
What is -3 + (4 - 9) + -8 + 6?
-10
-7 - 1 - (12 + -16)
-4
What is -14 + 8 - (-4 + -3)?
1
What is the value of 1 + -1 - (4 + -21 - -13)?
4
Evaluate 8 + -2 + (1 - 2).
5
What is the value of 0 + (2 - 7 - 1) + -1?
-7
Calculate -2 - (-10 - (8 - 10)).
6
What is the value of (5 - (10 - (-3 - -1))) + 0?
-7
Calculate 1 + (-3 - 0 - (6 + -11)).
3
-9 + (-2 - 0) + (-18 - -21)
-8
What is the value of 7 + -6 + -1 + -2?
-2
-3 + 2 - (22 - 19)
-4
What is 7 - (14 + -3 - 10)?
6
What is the value of (2 - 0) + -6 + -2 - -6?
0
What is the value of 0 - 3 - (4 + (-1 - 3))?
-3
Calculate 14 + (-14 - (0 - 7)).
7
-3 - (0 + -11 + 3)
5
7 - 6 - 5 - -10
6
2 + -8 + (11 - (-10 - -24))
-9
What is 10 - 10 - 1 - 2?
-3
Calculate -1 + 3 - (1 + 4) - -3.
0
What is the value of 2 + (1 - (0 + -2) - 4)?
1
What is the value of 4 - (1 - 3 - 3 - -2)?
7
Calculate (1 - 0) + -7 + 29 + -25.
-2
Calculate (0 - 16) + (14 - 16 - -9).
-9
What is (1 - (2 + 3)) + -2?
-6
What is -5 - (0 + 2 + -6)?
-1
5 - (9 - -4) - -5
-3
1 + 3 + -2 - (5 - 2)
-1
-1 + -3 + 5 + (-2 - -3)
2
Calculate (3 - 3) + (5 - -2 - 8).
-1
Evaluate (-3 - (0 + -6)) + 2.
5
What is (18 - 12) + -2 - (1 + 8)?
-5
What is (7 - 1) + (35 - 44)?
-3
-3 + 2 + (4 - 3) - -5
5
1 + 1 + -5 + 1 + 1
-1
Calculate 11 + (38 + -30 - (11 + -1)).
9
Calculate -1 - ((-8 - 0) + 13).
-6
(3 - -5) + -2 + 0 + -4
2
What is -2 - -2 - (30 - 38)?
8
Evaluate 2 + -17 + 8 - (1 - 1).
-7
What is the value of (-26 - -24) + (2 - (-7 - -2))?
5
14 - 16 - (-1 + -6)
5
Evaluate -7 + 8 + 8 - 5.
4
What is 2 + 1 + -4 + -1?
-2
Evaluate (-8 - 0) + 10 - 5.
-3
What is the value of (-9 + 21 - 16) + (-1 - -5)?
0
What is the value of 7 - (5 + -5 - (-6 - -4))?
5
Calculate 1 - (0 - (5 + -1 + -1)).
4
-6 + 1 - (-6 - 5) - 8
-2
What is the value of -2 - (1 - (9 + -3)) - -3?
6
What is the value of 0 - ((2 - -1) + -1)?
-2
Calculate 0 - 1 - (-3 + 0).
2
What is -2 + (4 - 4) + 1?
-1
What is (0 - 0) + 5 + (-23 - -27)?
9
(3 - 5 - -4) + (-1 - 0)
1
Evaluate 0 + 1 - (1 - 2 - 1).
3
Evaluate -4 + 4 - -1 - (-1 - 3).
5
Calculate -2 + (5 - -4) + -7.
0
What is ((-1 - 0) + -2 - -1) + 6?
4
What is the value of 5 + (-11 - (-4 - 1 - -5))?
-6
Evaluate 74 + -68 + 1 + -1.
6
-8 - (-2 - 5) - -2
1
Evaluate -3 + -2 + 1 - -3 - 3.
-4
Calculate -5 + (-2 - (-3 + -2) - -8).
6
Evaluate (0 - 1 - -5) + -3.
1
What is 0 - -6 - (-9 + 17)?
-2
Calculate -1 - (2 + 1 - (22 + -15)).
3
What is -6 + -9 + (10 - -7)?
2
Calculate -1 + (12 - 7) - (0 + 0).
4
Evaluate -21 + (-4 - -12) - -12.
-1
What is the value of (1 - 0) + (-26 - -21)?
-4
Evaluate -4 - 4 - (-9 - 7).
8
Evaluate -15 - -15 - (3 - 3).
0
Evaluate (0 - 4) + (1 - -8).
5
What is -10 + (13 - 7) - -1?
-3
Calculate (6 - 5) + 3 - (9 - 2).
-3
Evaluate -1 - (2 + 3 + -2) - -2.
-2
-7 + (-1 - -2) - (8 - 13)
-1
Calculate 9 + -8 + -2 + -1.
-2
-2 + 14 - 12 - (0 + 0)
0
(7 - (-4 - -8)) + -2
1
What is 6 - (11 + 0 - (-34 + 34))?
-5
What is (4 - -2) + -4 - (6 + 0)?
-4
What is 3 + -2 - 1 - -1 - 4?
-3
2 - -7 - (-10 - (-5 - 9))
5
-1 + (2 - 3) - -2
0
What is the value of 3 + -6 - (10 + -4 + -7)?
-2
What is -8 + (25 - 7) + -16?
-6
What is -4 - (0 + -3 - 2)?
1
Calculate (0 - (-3 - 4)) + -3 - 0.
4
What is the value of 25 - 24 - (3 + -2)?
0
Evaluate (10 - 7 - 5) + (-6 - -13).
5
Evaluate -1 - (6 + (0 + -6 - 6)).
5
-5 - (5 + (-3 - (10 - 3)))
0
What is 4 + (-2 - 0) - (0 - -2)?
0
What is the value of (-5 - -4) + (4 + -1 - 6)?
-4
What is the value of 1 + -3 + -6 + 14?
6
-4 + (6 - (17 - 4 - 6))
-5
What is (8 - (6 + -1)) + -3?
0
-6 + 1 - 1 - (2 - 5)
-3
What is -5 - (6 + -11 + 2 - 2)?
0
What is 0 + -2 + (8 - 10)?
-4
Calculate -5 + 15 + -8 + -2 + -1.
-1
What is the value of 1 + -11 - (15 - 18)?
-7
What is 6 - (-3 + 6 + 1)?
2
What is 1 + 0 + 0 + (-16 - -16)?
1
What is 21 - 22 - (3 + 0 + -2)?
-2
Evaluate (-7 - -8) + -7 - -8.
2
Evaluate -5 + (14 - (-5 + 11)).
3
-4 - (5 - 4) - (-4 - 4)
3
Calculate (4 - (14 + 4 + -12)) + -5.
-7
What is -11 + (7 - 6) - -6?
-4
What is -15 - (-16 - 10 - -12)?
-1
5 - -14 - (23 - 9)
5
Calculate (-1 - 8) + (17 - (1 + 12)).
-5
Evaluate -4 - (5 - (-9 + 17)).
-1
5 - ((-2 - -6) + -7 - -6)
2
Evaluate 1 - (-7 + 9) - (1 - -3).
-5
Evaluate 4 - ((0 - 1) + 8).
-3
(-8 - (2 + -3)) + 9
2
Calculate (-7 - -2) + 2 - (0 - 0).
-3
What is (-25 - -17) + 0 + 6?
-2
What is the value of (-2 - -1) + -10 + 10 + -3?
-4
What is the value of (-15 - 1) + 6 + -5 + 6?
-9
What is the value of 1 - (8 + 3 + -3 + -2)?
-5
4 + 1 - (5 - (4 - 2))
2
(-6 - (11 - 14)) + 8 + 1
6
What is the value of 0 - -2 - 1 - (7 - 5)?
-1
What is the value of 4 - ((5 - 6) + 10)?
-5
What is the value of 4 + -2 + (22 - 27)?
-3
Evaluate -2 - (-6 - (-8 - (-2 - -5))).
-7
Calculate -5 + (1 - -4) - (1 - -2).
-3
(3 - (-2 + -3 + 6)) + -2
0
Evaluate (5 - 0) + (5 - 1) + -13.
-4
10 + -11 - -11 - 18
-8
(8 - 9 - 8) + 6
-3
Evaluate -8 - (4 + (-5 - 3 - -2)).
-6
Calculate 0 + (-7 + 5 - -7).
5
Evaluate (-5 + 2 - -4) + -7 + 2.
-4
Evaluate -7 + (10 - (-11 - -21)).
-7
Calculate -7 + (-6 + 1 - -11).
-1
Evaluate -3 - ((-2 - 1) + 1).
-1
What is (-2 - 3) + 11 - 6?
0
Evaluate -2 - (3 - 5 - 5).
5
2 + 2 + 2 + 3
9
What is the value of -1 + (-3 - -3) + -5 + 7?
1
Evaluate 6 + -6 + 0 + 1 - 0.
1
What is the value of -6 + (7 - (4 + -7))?
4
-2 - (9 - (19 - 0))
8
What is the value of (4 - 2) + (-4 - 0 - -2)?
0
Evaluate -40 + 41 + (-3 - 1) - 3.
-6
(4 - 3) + 2 + -3 + -3
-3
What is -12 - (0 - (16 + -5))?
-1
What is the value of 1 + -1 - (8 + -8)?
0
(0 - 3) + (-15 - -17)
-1
What is -2 - (-1 + 7 - 5 - -1)?
-4
Evaluate -3 - (-3 + -6 + (6 - 1)).
1
What is 6 - (12 - (0 - -6 - 4))?
-4
-9 - (-14 - (-5 - (-4 - -6)))
-2
Calculate -3 + (0 - 4) - (17 + -16).
-8
What is (-2 + 5 - 4) + -4?
-5
What is the value of -3 + (3 - 2) + 15 + -16?
-3
What is the value of 0 - -7 - (4 + 0)?
3
Calculate 5 + (6 - 16) -